{"id":3824,"date":"2022-10-31T10:46:47","date_gmt":"2022-10-31T09:46:47","guid":{"rendered":"https:\/\/jednostki.uksw.edu.pl\/bk\/projekt-abk\/przedmioty-ogolnouczelniane-szkolenia\/"},"modified":"2022-11-13T18:34:57","modified_gmt":"2022-11-13T17:34:57","slug":"przedmioty-ogolnouczelniane-szkolenia","status":"publish","type":"page","link":"https:\/\/bk.uksw.edu.pl\/projekt-abk\/przedmioty-ogolnouczelniane-szkolenia\/","title":{"rendered":"Przedmioty og\u00f3lnouczelniane &#8211; szkolenia"},"content":{"rendered":"\n<figure class=\"wp-block-image size-full\"><img loading=\"lazy\" decoding=\"async\" width=\"498\" height=\"102\" src=\"https:\/\/bk.uksw.edu.pl\/wp-content\/uploads\/sites\/17\/2022\/11\/grafika-na-strone-logotyp.png\" alt=\"Logotypu Unijne\" class=\"wp-image-4845\" srcset=\"https:\/\/bk.uksw.edu.pl\/wp-content\/uploads\/sites\/17\/2022\/11\/grafika-na-strone-logotyp.png 498w, https:\/\/bk.uksw.edu.pl\/wp-content\/uploads\/sites\/17\/2022\/11\/grafika-na-strone-logotyp-300x61.png 300w\" sizes=\"auto, (max-width: 498px) 100vw, 498px\" \/><figcaption class=\"wp-element-caption\">Nr projektu: POWR.03.01.00-00-B056\/17<\/figcaption><\/figure>\n\n\n\n<p><strong>Zapraszamy student\u00f3w wszystkich wydzia\u0142\u00f3w ostatniego roku studi\u00f3w I i II stopnia oraz jednolitych studi\u00f3w magisterskich (stacjonarnych i niestacjonarnych)&nbsp;<\/strong>do uczestnictwa w przedmiotach og\u00f3lnouczelnianych (24h lub 32h w zale\u017cno\u015bci od tematyki) po\u0142\u0105czonych z pakietem indywidualnych konsultacji z doradc\u0105 zawodowym:<\/p>\n\n\n\n<ul class=\"wp-block-list\">\n<li>ABC w\u0142asnego biznesu (CSDZ-ABK-ABC)<\/li>\n\n\n\n<li>Biznesplan, kreowanie wizerunku i budowanie marki (CSDZ-ABK-BWM)<\/li>\n\n\n\n<li>Negocjacje i <em>savoir vivre<\/em> w biznesie (CSDZ-ABK-NSV)<\/li>\n\n\n\n<li>Zarz\u0105dzanie sob\u0105 w czasie i adaptacja do zmian (CSDZ-ABK-ZCZ)<\/li>\n\n\n\n<li>Skuteczna komunikacja, rozwi\u0105zywanie konflikt\u00f3w i tw\u00f3rcze rozwi\u0105zywanie problem\u00f3w (CSDZ-ABK-KKP)<\/li>\n<\/ul>\n\n\n\n<p><strong>Udzia\u0142 jest&nbsp;bezp\u0142atny<\/strong>.<br><strong>Forma warsztat\u00f3w i konsultacje on-line<\/strong>.<\/p>\n\n\n\n<hr class=\"wp-block-separator has-alpha-channel-opacity\" \/>\n\n\n\n<p>Zaj\u0119cia b\u0119d\u0105 realizowane w ramach projektu europejskiego &#8222;Wiem, potrafi\u0119, dzia\u0142am. Profesjonalizacja us\u0142ug Centrum Szkole\u0144 i Doradztwa Zawodowego UKSW&#8221;&nbsp; na zasadach fakultatywnych przedmiot\u00f3w og\u00f3lnouczelnianych z mo\u017cliwo\u015bci\u0105 uzyskania&nbsp;<strong>3 &#8211; 4 pkt ECTS<\/strong>, przyznawanych po zako\u0144czeniu warsztat\u00f3w i konsultacji z doradc\u0105 zawodowym.<br><strong>WA\u017bNE&nbsp;&#8211; dodatkowe punkty ECTS nie s\u0105 p\u0142atne.<\/strong><\/p>\n\n\n\n<p>Spotkania z doradc\u0105 zawodowym umawiane s\u0105 indywidualnie z ka\u017cdym z uczestnik\u00f3w w dogodnym dla niego terminie.<\/p>\n\n\n\n<p>Warunkiem udzia\u0142u w warsztatach i konsultacjach, opr\u00f3cz rejestracji poprzez USOSweb,&nbsp;jest z\u0142o\u017cenie&nbsp;w Biurze Karier&nbsp;<strong>kompletu<\/strong>&nbsp;<strong>dokument\u00f3w aplikacyjnych do 10 pa\u017adziernika 2022 r.<\/strong><\/p>\n\n\n\r\n<div class=\"\">\r\n\r\n\r\n<div class=\"row\">\r\n\r\n  \r\n<div class=\"col-xl-12 col-lg-12 col-md-12 col-sm-12 \">\r\n\t\t<div class=\"download_detils\">\r\n\t\t\t<a href=\"https:\/\/bk.uksw.edu.pl\/wp-content\/uploads\/sites\/17\/2022\/11\/dokumenty-projektowe_wszystkie-zalaczniki_0.pdf\"  target=\"_blank\" >\r\n\t\t\t<img decoding=\"async\" src=\"https:\/\/bk.uksw.edu.pl\/wp-content\/themes\/uksw\/images\/import.svg\" alt=\"\"> Dokumenty [PDF,  0.86 MB]<\/a>\r\n\t\t<\/div>\r\n<\/div>\r\n\r\n\r\n\t\t\r\n<div class=\"col-xl-12 col-lg-12 col-md-12 col-sm-12 \">\r\n\t\t<div class=\"download_detils\">\r\n\t\t\t<a href=\"https:\/\/bk.uksw.edu.pl\/wp-content\/uploads\/sites\/17\/2022\/11\/ciezka-rejestracji_opis_2.pdf\"  target=\"_blank\" >\r\n\t\t\t<img decoding=\"async\" src=\"https:\/\/bk.uksw.edu.pl\/wp-content\/themes\/uksw\/images\/import.svg\" alt=\"\"> \u015acie\u017cka rejestracji w USOSweb [PDF,  0.21 MB]<\/a>\r\n\t\t<\/div>\r\n<\/div>\r\n\r\n\r\n\t\t\r\n\t\t \r\n\r\n<\/div>\r\n<\/div>\r\n<div class=\"space20\"><\/div>\r\n\r\n\n\n\n<h2 class=\"wp-block-heading\">HARMONOGRAM WARSZTAT\u00d3W<\/h2>\n\n\n\n<ul class=\"wp-block-list\">\n<li>ABC w\u0142asnego biznesu (6 spotka\u0144 po 4 godziny lekcyjne&nbsp;<strong>w poniedzia\u0142ki od 17 pa\u017adziernika 2022 r.<\/strong>),<\/li>\n\n\n\n<li>Biznesplan, kreowanie wizerunku i budowanie marki (8 spotka\u0144 po 4 godziny lekcyjne&nbsp;<strong>we wtorki od 18 pa\u017adziernika 2022 r.<\/strong>),<\/li>\n\n\n\n<li>Negocjacje i <em>savoir vivre <\/em>w biznesie (8 spotka\u0144 po 4 godziny lekcyjne&nbsp;<strong>w \u015brody od 19 pa\u017adziernika 2022 r.<\/strong>),<\/li>\n\n\n\n<li>Zarz\u0105dzanie sob\u0105 w czasie i adaptacja do zmian (8 spotka\u0144 po 4 godziny lekcyjne&nbsp;<strong>w <\/strong>czwartki<strong> od 20 pa\u017adziernika 2022 r.<\/strong>),<\/li>\n\n\n\n<li>Skuteczna komunikacja, rozwi\u0105zywanie konflikt\u00f3w i tw\u00f3rcze rozwi\u0105zywanie problem\u00f3w (8 spotka\u0144 po 4 godziny lekcyjne&nbsp;<strong>w pi\u0105tki od 21 pa\u017adziernika 2022 r.<\/strong>).<\/li>\n<\/ul>\n\n\n\n<h2 class=\"wp-block-heading\">Rozk\u0142ad zaj\u0119\u0107<\/h2>\n\n\n\n<ul class=\"wp-block-list\">\n<li>I grupa:\u00a08.00-11.15\u00a0<\/li>\n\n\n\n<li>II grupa: 11.30-14.45<\/li>\n\n\n\n<li>III grupa: 15.00-18.15<\/li>\n<\/ul>\n","protected":false},"excerpt":{"rendered":"<p>Zapraszamy student\u00f3w wszystkich wydzia\u0142\u00f3w ostatniego roku studi\u00f3w I i II stopnia oraz jednolitych studi\u00f3w magisterskich (stacjonarnych i niestacjonarnych)&nbsp;do uczestnictwa w przedmiotach og\u00f3lnouczelnianych (24h lub 32h w zale\u017cno\u015bci od tematyki) po\u0142\u0105czonych z pakietem indywidualnych konsultacji z doradc\u0105 zawodowym: Udzia\u0142 jest&nbsp;bezp\u0142atny.Forma warsztat\u00f3w i konsultacje on-line. Zaj\u0119cia b\u0119d\u0105 realizowane w ramach projektu europejskiego &#8222;Wiem, potrafi\u0119, dzia\u0142am. Profesjonalizacja us\u0142ug [&hellip;]<\/p>\n","protected":false},"author":1,"featured_media":5012,"parent":3362,"menu_order":16,"comment_status":"closed","ping_status":"closed","template":"page-templates\/template-sub-page.php","meta":{"_acf_changed":false,"inline_featured_image":false,"footnotes":"","_links_to":"","_links_to_target":""},"class_list":["post-3824","page","type-page","status-publish","has-post-thumbnail","hentry"],"acf":[],"_links":{"self":[{"href":"https:\/\/bk.uksw.edu.pl\/pl\/wp-json\/wp\/v2\/pages\/3824","targetHints":{"allow":["GET"]}}],"collection":[{"href":"https:\/\/bk.uksw.edu.pl\/pl\/wp-json\/wp\/v2\/pages"}],"about":[{"href":"https:\/\/bk.uksw.edu.pl\/pl\/wp-json\/wp\/v2\/types\/page"}],"author":[{"embeddable":true,"href":"https:\/\/bk.uksw.edu.pl\/pl\/wp-json\/wp\/v2\/users\/1"}],"replies":[{"embeddable":true,"href":"https:\/\/bk.uksw.edu.pl\/pl\/wp-json\/wp\/v2\/comments?post=3824"}],"version-history":[{"count":12,"href":"https:\/\/bk.uksw.edu.pl\/pl\/wp-json\/wp\/v2\/pages\/3824\/revisions"}],"predecessor-version":[{"id":7069,"href":"https:\/\/bk.uksw.edu.pl\/pl\/wp-json\/wp\/v2\/pages\/3824\/revisions\/7069"}],"up":[{"embeddable":true,"href":"https:\/\/bk.uksw.edu.pl\/pl\/wp-json\/wp\/v2\/pages\/3362"}],"wp:featuredmedia":[{"embeddable":true,"href":"https:\/\/bk.uksw.edu.pl\/pl\/wp-json\/wp\/v2\/media\/5012"}],"wp:attachment":[{"href":"https:\/\/bk.uksw.edu.pl\/pl\/wp-json\/wp\/v2\/media?parent=3824"}],"curies":[{"name":"wp","href":"https:\/\/api.w.org\/{rel}","templated":true}]}}

Przedmioty ogólnouczelniane &#8211; szkolenia

<figure class="wp-block-image size-full"><img loading="lazy" decoding="async" width="498" height="102" src="https://bk.uksw.edu.pl/wp-content/uploads/sites/17/2022/11/grafika-na-strone-logotyp.png" alt="Logotypu Unijne" class="wp-image-4845" srcset="https://bk.uksw.edu.pl/wp-content/uploads/sites/17/2022/11/grafika-na-strone-logotyp.png 498w, https://bk.uksw.edu.pl/wp-content/uploads/sites/17/2022/11/grafika-na-strone-logotyp-300x61.png 300w" sizes="auto, (max-width: 498px) 100vw, 498px" /><figcaption class="wp-element-caption">Nr projektu: POWR.03.01.00-00-B056/17</figcaption></figure>



<p><strong>Zapraszamy studentów wszystkich wydziałów ostatniego roku studiów I i II stopnia oraz jednolitych studiów magisterskich (stacjonarnych i niestacjonarnych)&nbsp;</strong>do uczestnictwa w przedmiotach ogólnouczelnianych (24h lub 32h w zależności od tematyki) połączonych z pakietem indywidualnych konsultacji z doradcą zawodowym:</p>



<ul class="wp-block-list">
<li>ABC własnego biznesu (CSDZ-ABK-ABC)</li>



<li>Biznesplan, kreowanie wizerunku i budowanie marki (CSDZ-ABK-BWM)</li>



<li>Negocjacje i <em>savoir vivre</em> w biznesie (CSDZ-ABK-NSV)</li>



<li>Zarządzanie sobą w czasie i adaptacja do zmian (CSDZ-ABK-ZCZ)</li>



<li>Skuteczna komunikacja, rozwiązywanie konfliktów i twórcze rozwiązywanie problemów (CSDZ-ABK-KKP)</li>
</ul>



<p><strong>Udział jest&nbsp;bezpłatny</strong>.<br><strong>Forma warsztatów i konsultacje on-line</strong>.</p>



<hr class="wp-block-separator has-alpha-channel-opacity" />



<p>Zajęcia będą realizowane w ramach projektu europejskiego &#8222;Wiem, potrafię, działam. Profesjonalizacja usług Centrum Szkoleń i Doradztwa Zawodowego UKSW&#8221;&nbsp; na zasadach fakultatywnych przedmiotów ogólnouczelnianych z możliwością uzyskania&nbsp;<strong>3 &#8211; 4 pkt ECTS</strong>, przyznawanych po zakończeniu warsztatów i konsultacji z doradcą zawodowym.<br><strong>WAŻNE&nbsp;&#8211; dodatkowe punkty ECTS nie są płatne.</strong></p>



<p>Spotkania z doradcą zawodowym umawiane są indywidualnie z każdym z uczestników w dogodnym dla niego terminie.</p>



<p>Warunkiem udziału w warsztatach i konsultacjach, oprócz rejestracji poprzez USOSweb,&nbsp;jest złożenie&nbsp;w Biurze Karier&nbsp;<strong>kompletu</strong>&nbsp;<strong>dokumentów aplikacyjnych do 10 października 2022 r.</strong></p>



<div class="">


<div class="row">

  
<div class="col-xl-12 col-lg-12 col-md-12 col-sm-12 ">
		<div class="download_detils">
			<a href="https://bk.uksw.edu.pl/wp-content/uploads/sites/17/2022/11/dokumenty-projektowe_wszystkie-zalaczniki_0.pdf"  target="_blank" >
			<img decoding="async" src="https://bk.uksw.edu.pl/wp-content/themes/uksw/images/import.svg" alt=""> Dokumenty [PDF,  0.86 MB]</a>
		</div>
</div>


		
<div class="col-xl-12 col-lg-12 col-md-12 col-sm-12 ">
		<div class="download_detils">
			<a href="https://bk.uksw.edu.pl/wp-content/uploads/sites/17/2022/11/ciezka-rejestracji_opis_2.pdf"  target="_blank" >
			<img decoding="async" src="https://bk.uksw.edu.pl/wp-content/themes/uksw/images/import.svg" alt=""> Ścieżka rejestracji w USOSweb [PDF,  0.21 MB]</a>
		</div>
</div>


		
		 

</div>
</div>
<div class="space20"></div>




<h2 class="wp-block-heading">HARMONOGRAM WARSZTATÓW</h2>



<ul class="wp-block-list">
<li>ABC własnego biznesu (6 spotkań po 4 godziny lekcyjne&nbsp;<strong>w poniedziałki od 17 października 2022 r.</strong>),</li>



<li>Biznesplan, kreowanie wizerunku i budowanie marki (8 spotkań po 4 godziny lekcyjne&nbsp;<strong>we wtorki od 18 października 2022 r.</strong>),</li>



<li>Negocjacje i <em>savoir vivre </em>w biznesie (8 spotkań po 4 godziny lekcyjne&nbsp;<strong>w środy od 19 października 2022 r.</strong>),</li>



<li>Zarządzanie sobą w czasie i adaptacja do zmian (8 spotkań po 4 godziny lekcyjne&nbsp;<strong>w </strong>czwartki<strong> od 20 października 2022 r.</strong>),</li>



<li>Skuteczna komunikacja, rozwiązywanie konfliktów i twórcze rozwiązywanie problemów (8 spotkań po 4 godziny lekcyjne&nbsp;<strong>w piątki od 21 października 2022 r.</strong>).</li>
</ul>



<h2 class="wp-block-heading">Rozkład zajęć</h2>



<ul class="wp-block-list">
<li>I grupa: 8.00-11.15 </li>



<li>II grupa: 11.30-14.45</li>



<li>III grupa: 15.00-18.15</li>
</ul>

<p>Zapraszamy studentów wszystkich wydziałów ostatniego roku studiów I i II stopnia oraz jednolitych studiów magisterskich (stacjonarnych i niestacjonarnych)&nbsp;do uczestnictwa w przedmiotach ogólnouczelnianych (24h lub 32h w zależności od tematyki) połączonych z pakietem indywidualnych konsultacji z doradcą zawodowym: Udział jest&nbsp;bezpłatny.Forma warsztatów i konsultacje on-line. Zajęcia będą realizowane w ramach projektu europejskiego &#8222;Wiem, potrafię, działam. Profesjonalizacja usług [&hellip;]</p>
